ded by 1004?
7
Calculate the remainder when 5940 is divided by 3.
0
Calculate the remainder when 258616 is divided by 1383.
1378
What is the remainder when 153275 is divided by 39?
5
Calculate the remainder when 280592 is divided by 31172.
44
Calculate the remainder when 1067430 is divided by 57.
48
Calculate the remainder when 976 is divided by 5.
1
Calculate the remainder when 4895 is divided by 40.
15
What is the remainder when 28231 is divided by 877?
167
Calculate the remainder when 2161 is divided by 309.
307
What is the remainder when 41403 is divided by 15?
3
What is the remainder when 32853 is divided by 3650?
3
What is the remainder when 9032 is divided by 2243?
60
Calculate the remainder when 312552 is divided by 156273.
6
Calculate the remainder when 4725 is divided by 190.
165
What is the remainder when 84837 is divided by 447?
354
What is the remainder when 29845 is divided by 7?
4
Calculate the remainder when 4934 is divided by 2119.
696
Calculate the remainder when 32668 is divided by 324.
268
What is the remainder when 12067 is divided by 2408?
27
What is the remainder when 243819 is divided by 107?
73
What is the remainder when 7228 is divided by 55?
23
Calculate the remainder when 22345 is divided by 476.
449
Calculate the remainder when 16649 is divided by 225.
224
Calculate the remainder when 1179 is divided by 911.
268
What is the remainder when 151269 is divided by 1915?
1899
What is the remainder when 10535 is divided by 216?
167
What is the remainder when 39428 is divided by 42?
32
What is the remainder when 9486 is divided by 1177?
70
Calculate the remainder when 839 is divided by 238.
125
What is the remainder when 3385366 is divided by 42?
40
What is the remainder when 1999445 is divided by 88?
85
Calculate the remainder when 8827 is divided by 632.
611
What is the remainder when 54861 is divided by 795?
6
Calculate the remainder when 1480 is divided by 485.
25
What is the remainder when 432 is divided by 11?
3
What is the remainder when 4506 is divided by 737?
84
Calculate the remainder when 22895 is divided by 11418.
59
What is the remainder when 6796 is divided by 3319?
158
What is the remainder when 1077 is divided by 62?
23
What is the remainder when 4623 is divided by 2268?
87
What is the remainder when 4906 is divided by 638?
440
What is the remainder when 10212 is divided by 1165?
892
What is the remainder when 42180 is divided by 474?
468
What is the remainder when 75107 is divided by 37?
34
Calculate the remainder when 11348 is divided by 1046.
888
What is the remainder when 18836 is divided by 1046?
8
What is the remainder when 427470 is divided by 29?
10
What is the remainder when 41229 is divided by 10?
9
What is the remainder when 20270 is divided by 4053?
5
What is the remainder when 2732 is divided by 904?
20
Calculate the remainder when 295013 is divided by 26.
17
What is the remainder when 14617 is divided by 183?
160
Calculate the remainder when 36892 is divided by 39.
37
What is the remainder when 2938 is divided by 324?
22
What is the remainder when 22709 is divided by 6?
5
What is the remainder when 1076 is divided by 113?
59
What is the remainder when 7346 is divided by 1118?
638
Calculate the remainder when 57794 is divided by 90.
14
What is the remainder when 80312 is divided by 198?
122
What is the remainder when 364653 is divided by 82?
81
Calculate the remainder when 234939 is divided by 117465.
9
Calculate the remainder when 65529 is divided by 127.
124
What is the remainder when 657 is divided by 477?
180
Calculate the remainder when 1990555 is divided by 330.
325
Calculate the remainder when 21357 is divided by 7.
0
Calculate the remainder when 15730 is divided by 244.
114
What is the remainder when 14820 is divided by 616?
36
Calculate the remainder when 127 is divided by 99.
28
Calculate the remainder when 100176 is divided by 1284.
24
Calculate the remainder when 208776 is divided by 1401.
27
What is the remainder when 49040 is divided by 134?
130
Calculate the remainder when 115198 is divided by 25.
23
Calculate the remainder when 7785 is divided by 261.
216
What is the remainder when 519 is divided by 90?
69
What is the remainder when 71547 is divided by 5961?
15
What is the remainder when 43938 is divided by 1420?
1338
What is the remainder when 92163 is divided by 147?
141
Calculate the remainder when 101566 is divided by 105.
31
What is the remainder when 95245 is divided by 139?
30
What is the remainder when 15117 is divided by 1372?
25
Calculate the remainder when 947 is divided by 94.
7
Calculate the remainder when 8967 is divided by 155.
132
What is the remainder when 20292 is divided by 41?
38
What is the remainder when 18025 is divided by 16?
9
What is the remainder when 1829 is divided by 197?
56
What is the remainder when 1189 is divided by 66?
1
Calculate the remainder when 2001 is divided by 63.
48
Calculate the remainder when 2211 is divided by 698.
117
What is the remainder when 40569 is divided by 4?
1
What is the remainder when 42010 is divided by 893?
39
Calculate the remainder when 2650 is divided by 435.
40
Calculate the remainder when 746035 is divided by 8.
3
Calculate the remainder when 9590 is divided by 229.
201
What is the remainder when 893 is divided by 186?
149
Calculate the remainder when 47111 is divided by 6729.
8
What is the remainder when 89874 is divided by 44932?
10
Calculate the remainder when 1547 is divided by 510.
17
Calculate the remainder when 892 is divided by 510.
382
What is the remainder when 90552 is divided by 3773?
0
What is the remainder when 3471 is divided by 133?
13
What is the remainder when 892 is divided by 28?
24
What is the remainder when 499210 is divided by 9?
7
What is the remainder when 303983 is divided by 151980?
23
What is the remainder when 53587 is divided by 56?
51
What is the remainder when 173426 is divided by 14?
8
Calculate the remainder when 14204 is divided by 35.
29
What is the remainder when 41212 is divided by 56?
52
What is the remainder when 20428 is divided by 10162?
104
What is the remainder when 4248 is divided by 1247?
507
Calculate the remainder when 1768799 is divided by 330.
329
Calculate the remainder when 209313 is divided by 13081.
17
What is the remainder when 24964 is divided by 123?
118
What is the remainder when 7295 is divided by 53?
34
Calculate the remainder when 104663 is divided by 191.
186
Calculate the remainder when 620 is divided by 55.
15
Calculate the remainder when 1007998 is divided by 576.
574
Calculate the remainder when 61494 is divided by 976.
6
What is the remainder when 17098 is divided by 67?
13
Calculate the remainder when 925580 is divided by 176.
172
What is the remainder when 5412 is divided by 164?
0
Calculate the remainder when 2216 is divided by 728.
32
What is the remainder when 83031 is divided by 8?
7
What is the remainder when 229897 is divided by 644?
633
Calculate the remainder when 1163 is divided by 159.
50
What is the remainder when 158222 is divided by 59?
43
What is the remainder when 165673 is divided by 194?
191
Calculate the remainder when 92535 is divided by 179.
171
Calculate the remainder when 21181 is divided by 2326.
247
Calculate the remainder when 2149 is divided by 1693.
456
Calculate the remainder when 4656 is divided by 1880.
896
Calculate the remainder when 58708 is divided by 2795.
13
What is the remainder when 76510 is divided by 7644?
70
What is the remainder when 6602 is divided by 474?
440
What is the remainder when 930 is divided by 910?
20
What is the remainder when 6244 is divided by 447?
433
Calculate the remainder when 66016 is divided by 142.
128
Calculate the remainder when 25127 is divided by 256.
39
What is the remainder when 2769 is divided by 167?
97
What is the remainder when 16718 is divided by 20?
18
What is the remainder when 40481 is divided by 148?
77
Calculate the remainder when 1122407 is divided by 59074.
1
What is the remainder when 63389 is divided by 4524?
53
Calculate the remainder when 5128 is divided by 107.
99
Calculate the remainder when 704160 is divided by 4485.
15
What is the remainder when 408828 is divided by 5?
3
What is the remainder when 19529 is divided by 9?
8
What is the remainder when 2237